ive u(279).
-170
Let f(d) = 2*d**3 + 136*d**2 + 57*d + 442. Determine f(-68).
-3434
Let o(f) = -5*f**2 + 457*f + 51. Determine o(92).
-225
Let h(l) = -168*l - 4907. Determine h(-30).
133
Let f(n) = n**3 + 947*n**2 + 2103*n + 201264. Give f(-945).
-21
Let f(h) = 68*h**2 - 30*h - 160. Determine f(-4).
1048
Let g(p) = -3*p**2 + 485*p + 86591. Give g(269).
-27
Let l(y) = -y**3 - 68*y**2 - 50*y + 644. Calculate l(-67).
-495
Let z(k) = -9*k**3 - 68*k**2 - 186*k - 1584. Determine z(-8).
160
Let x(u) = -2*u**3 + 232*u**2 + 526*u - 34168. Determine x(117).
-4
Let y(n) = -n**3 - 20*n**2 + 66*n + 1264. What is y(8)?
0
Let b(w) = 7*w**2 - 3865*w - 55483. Calculate b(-14).
-1
Let w(a) = a**3 + 301*a**2 + 1264*a + 262. Determine w(-4).
-42
Let p(o) = -o**2 + 2616*o + 5139. Calculate p(0).
5139
Let j(z) = 74*z - 6810. What is j(84)?
-594
Let r(d) = 16859*d + 33674. Calculate r(-2).
-44
Let h(p) = p**2 + 23062*p + 184436. Give h(-8).
4
Let a(b) = 18*b**3 + 3*b**2 + 8*b - 7. Determine a(2).
165
Let w(o) = o**2 - 71540*o + 1716378. Determine w(24).
-6
Let w(r) = -185*r**2 + 738*r + 81. Determine w(4).
73
Let c(f) = 54364*f + 217456. Give c(-4).
0
Let k(i) = -103*i**3 + 10*i**2 + 73*i + 95. Determine k(-3).
2747
Let c(g) = -18078*g - 90391. What is c(-5)?
-1
Let r(f) = f**3 + 7*f**2 - 41*f + 254. What is r(-11)?
221
Let c(q) = -3*q**2 + 91*q + 5363. Give c(60).
23
Let v(o) = 11458*o - 160387. What is v(14)?
25
Let a(h) = -h**3 - 28*h**2 + 25*h - 529. Determine a(-25).
-3029
Let i(d) = -71*d - 5400. What is i(-93)?
1203
Let k(t) = -28*t**2 + 3502*t + 185. What is k(125)?
435
Let f(h) = -14*h**3 - 85*h**2 + 116*h + 153. Give f(-7).
-22
Let d(m) = -9*m**3 - 239*m**2 - 126*m + 18. What is d(-26)?
-86
Let a(w) = 1844*w - 331773. Determine a(180).
147
Let n(h) = 11396*h - 31490. Calculate n(3).
2698
Let r(a) = 351*a + 34141. Calculate r(-97).
94
Let d(u) = 5060*u - 86090. Give d(17).
-70
Let d(s) = -92784*s - 1113401. Give d(-12).
7
Let x(j) = 1201*j + 53635. Calculate x(-44).
791
Let n(x) = 138*x**2 - 39630*x - 32824. Give n(288).
8
Let f(k) = k**3 + 2*k**2 - 128*k - 365. Calculate f(-3).
10
Let w(m) = -m**3 - 9*m**2 - 4966*m - 65243. Give w(-13).
-9
Let p(t) = -27*t**2 - 2133*t - 215. Give p(-79).
-215
Let h(q) = q**2 + 126434*q - 1264447. Calculate h(10).
-7
Let j(b) = -5765*b - 150443. What is j(-26)?
-553
Let s(d) = -4351*d + 1096443. Determine s(252).
-9
Let d(b) = -8*b**3 + 71*b**2 - 1173*b + 12697. Give d(10).
67
Let h(c) = c**2 + 1121*c + 15527. Determine h(-14).
29
Let t(k) = -2*k**2 + 174*k - 842. Determine t(76).
830
Let m(v) = v**2 + 19*v - 103. Give m(-24).
17
Let o(r) = 3470*r - 693979. What is o(200)?
21
Let d(t) = -1643*t - 123229. Determine d(-75).
-4
Let i(a) = 53949*a + 2427705. Calculate i(-45).
0
Let v(b) = 11*b**3 - 5370*b**2 + 1002*b - 12680. Determine v(488).
8
Let r(l) = -l**3 + 95*l**2 - 1067*l + 36. Give r(13).
23
Let n(c) = -29067*c - 29561140. Calculate n(-1017).
-1
Let o(b) = 4*b**2 - 18390*b + 110353. Determine o(6).
157
Let x(s) = -s**2 + 161*s + 54742. Determine x(328).
-34
Let z(q) = 2888*q - 52112. Calculate z(18).
-128
Let p(i) = -313*i**2 + 889*i + 142. Calculate p(3).
-8
Let g(s) = -2*s**3 + 72*s**2 + 120*s - 4293. What is g(36)?
27
Let h(s) = -s**2 - 2156*s - 346749. Calculate h(-175).
-74
Let y(m) = -1130*m**3 + 40*m**2 - 38*m - 2. Calculate y(1).
-1130
Let q(c) = 1183*c - 4744. Determine q(4).
-12
Let o(p) = 3*p**3 - 122*p**2 + 71*p + 211. Calculate o(40).
-149
Let a(i) = -i**3 + 17*i**2 - 2132*i + 31793. Give a(15).
263
Let u(h) = -297*h**2 - 729*h - 7. What is u(-2)?
263
Let n(x) = 1026*x**2 + 117*x - 93. Determine n(2).
4245
Let f(p) = -31*p**2 - 70*p + 501. Give f(6).
-1035
Let j(i) = 372113*i + 3349023. What is j(-9)?
6
Let z(a) = -6*a**2 + a + 25. Give z(11).
-690
Let o(f) = -27*f**2 + 280*f - 47. What is o(10)?
53
Let p(g) = 6308*g - 102240. Calculate p(17).
4996
Let o(s) = 7*s**2 - 151*s - 3169. Calculate o(-13).
-23
Let b(n) = -661*n - 60148. Give b(-91).
3
Let h(z) = -334*z - 22690. Calculate h(-68).
22
Let m(g) = 23*g**3 - 3*g**2 - 13. Calculate m(3).
581
Let b(i) = -52*i**2 - 4081*i - 5918. Determine b(-77).
11
Let j(d) = -d**3 - 66*d**2 + 478*d + 3311. Determine j(-72).
-1
Let m(y) = -14*y**2 + 5865*y + 717825. Calculate m(-99).
-24
Let z(j) = 8*j**3 - 42*j**2 - 132*j - 73. What is z(-2)?
-41
Let p(x) = -42004*x - 32763113. Determine p(-780).
7
Let b(l) = -l**2 - 223*l - 3302. Determine b(-16).
10
Let k(s) = -14660*s - 498446. Determine k(-34).
-6
Let t(m) = -4*m**3 + 44*m**2 - 125*m - 11. Calculate t(3).
-98
Let g(n) = 2*n**3 - 730*n**2 - 2251*n + 15816. Give g(368).
-8
Let m(g) = -g**2 + 33*g - 272. Determine m(25).
-72
Let m(d) = d**3 + 112*d**2 - 37*d + 8629. What is m(-113)?
41
Let l(w) = w**3 - 61*w**2 + 56*w + 410. Determine l(60).
170
Let q(m) = -6816*m + 456865. Give q(67).
193
Let b(n) = 447*n**2 - 1136*n + 460. Determine b(2).
-24
Let n(s) = -s**2 + 28418*s + 85262. Determine n(-3).
-1
Let u(y) = -160*y - 63682. Give u(-398).
-2
Let s(l) = 143*l**2 + 1785*l - 731. Calculate s(-13).
231
Let l(u) = 14*u**2 - 1172*u + 12968. What is l(13)?
98
Let d(c) = -6658*c - 99743. Give d(-15).
127
Let u(c) = -4024*c + 16144. What is u(4)?
48
Let t(o) = -o**2 + 282*o - 12544. Calculate t(229).
-407
Let h(b) = -b**2 - 55*b - 388. Determine h(-46).
26
Let m(a) = -23*a**3 + 3*a**2 - 6*a - 48. What is m(0)?
-48
Let g(m) = 3372*m - 17904. Give g(5).
-1044
Let q(r) = -r**3 + 36*r**2 + 2808*r - 152. Determine q(-38).
0
Let h(c) = c**2 - 10284*c - 548004. Calculate h(-53).
-143
Let n(u) = -12034*u + 66880. What is n(5)?
6710
Let l(f) = 2*f**3 - 25*f**2 + 87*f - 1798. Calculate l(14).
8
Let l(i) = -i**3 + 31*i**2 + 11*i + 557. Determine l(31).
898
Let c(o) = -o**3 + 250*o**2 + 5397*o + 826. What is c(270)?
16
Let y(o) = 2*o**2 + 70*o - 1952. What is y(-52)?
-184
Let z(w) = w**3 - 16*w**2 + 1284*w - 15291. What is z(12)?
-459
Let a(d) = d**3 + 2*d**2 + 909*d + 9895. Give a(-10).
5
Let n(g) = -2*g**3 + 463*g**2 + 557*g + 33168. Calculate n(233).
82
Let w(v) = -115*v - 254. Calculate w(-10).
896
Let z(b) = -185*b - 4165. Determine z(-16).
-1205
Let c(d) = 11*d + 1290. Determine c(-13).
1147
Let w(r) = -298*r + 6976. Determine w(23).
122
Let a(v) = 9581*v - 555687. Calculate a(58).
11
Let a(u) = 3697*u - 177385. Calculate a(48).
71
Let b(x) = -36530*x + 401868. Determine b(11).
38
Let s(v) = 4455*v - 8154. Give s(2).
756
Let a(h) = 4727*h - 18908. Determine a(4).
0
Let n(u) = 99*u + 6629. What is n(-67)?
-4
Let u(a) = 1138*a - 244261. Give u(215).
409
Let x(h) = 74*h**2 - 869*h - 225. What is x(12)?
3
Let x(s) = 1166*s**3 - 71*s**2 + 74*s - 2. Calculate x(1).
1167
Let r(p) = -25*p**2 - 3080*p - 614. Give r(-123).
1
Let i(l) = -70*l + 4912. Determine i(65).
362
Let q(p) = p**2 + 11236*p + 914653. Calculate q(-82).
25
Let h(t) = 468*t + 6635. Give h(-16).
-853
Let n(w) = 5*w**2 - 948*w - 15214. Determine n(-15).
131
Let u(l) = 2*l**3 - 37*l**2 - 348*l + 5141. Calculate u(21).
38
Let q(y) = -317*y - 54561. Calculate q(-172).
-37
Let m(b) = -6*b + 742. Calculate m(-72).
1174
Let f(b) = -b**3 - 101*b**2 - 1622*b - 1130. What is f(-19)?
86
Let y(t) = t**3 + 19*t**2 - 15*t - 637. What is y(-18)?
-43
Let o(j) = -1553*j - 1476918. Calculate o(-951).
-15
Let f(t) = -3077*t - 240003. Calculate f(-78).
3
Let s(f) = 13*f**2 + 89*f - 35. Determine s(-6).
-101
Let y(d) = d**3 - 5*d**2 + 493*d - 3042. Give y(6).
-48
Let l(t) = -t**3 - 63*t**2 - 108*t + 13. What is l(-61)?
-841
Let t(y) = 3*y**2 - 17*y - 4507. Give t(-36).
-7
Let s(o) = -o**3 + 71*o**2 + 129*o - 6317. Determine s(72).
-2213
Let q(c) = c**3 - 42*c**2 + 267*c - 11208. What is q(42)?
6
Let a(k) = 56*k**2 + 33245*k + 55053. Give a(-592).
-3
Let j(i) = 95*i**2 + 10036*i - 20076. Give j(2).
376
Let i(j) = 2*j**3 - 407*j**2 - 316*j + 22844. Give i(204).
-4
Let j(y) = -3*y**3 + 159*y**2 - 155*y - 64. Calculate j(52).
-12
Let a(z) = -5007*z - 104586. Give a(-21).
561
Let q(w) = -w**3 - 6*w**2 + 8647*w + 801. Give q(-96).
129
Let i(v) = 690357*v - 1380692. Determine i(2).
22
Let b(p) = 5*p**2 - 520*p + 13438. Determine b(47).
43
Let y(p) = -2*p**2 + 1557*p - 14024. Give y(9).
-173
Let v(k) = -17307*k + 121158. Give v(7).
9
Let s(q) = -q**3 - 5*q**2 + 11425*q - 34250. Give s(3).
-47
Let